-184*n + 50549. What is the remainder when n is divided by 71?
59
Suppose 18*v - 48026 - 17098 - 613962 = 0. What is the remainder when v is divided by 70?
67
Suppose -7 + 1 = 6*v. Let i be 6*((-52)/(-6) + v). Suppose -i = -b - b. Calculate the remainder when 37 is divided by b.
14
Suppose 578 = 4*p - 3*s, 357*s + 427 = 3*p + 358*s. What is the remainder when 7004 is divided by p?
140
Let i(n) = 72*n + 5637. Calculate the remainder when 1369 is divided by i(-72).
10
Let g(w) = 75*w**2 + 373*w - 2. What is the remainder when g(3) is divided by 69?
67
Let p(s) = -34*s + 5. Let x be p(0). Suppose -x*f = 5*a - 145, -3*f - 11*a + 7*a + 87 = 0. Calculate the remainder when f is divided by 11.
7
Calculate the remainder when ((-20)/(-75))/(8/6780) is divided by 86.
54
Suppose 5*o - o = 848. Suppose 22*w + o = 18*w. Let i = w + 73. Calculate the remainder when 56 is divided by i.
16
Calculate the remainder when 1824 is divided by (2/(-9) - (-130)/18)*(10 - -120).
4
Let d be (-302)/5 - (1 + 2/(-5)). Let u = -61 - d. Let t(w) = -2*w + 18. What is the remainder when 70 is divided by t(u)?
16
Suppose 0 = 3*h, -h = -4*d - 897 - 139. Calculate the remainder when (0/2 - 1)*18907/d is divided by 19.
16
Let i = 1602 + -1161. What is the remainder when i is divided by 50?
41
Suppose 0*z = -z + 1. Let m = -727 - -753. Calculate the remainder when m is divided by (-12)/(-16)*12*z.
8
Suppose 0 = 296*x + 1761337 - 11632345. Calculate the remainder when x is divided by 29.
27
Suppose 9*w - 23*w + 1791 = -5*w. Suppose 100 = 13*o - 8*o. Calculate the remainder when w is divided by o.
19
Let r(p) = 2*p**3 - 4*p + 6. Let u be r(4). Let i(t) = -52 + 4*t - t**2 + u - 55. Calculate the remainder when 22 is divided by i(5).
4
Let k = -1508 + 1531. What is the remainder when 534 is divided by k?
5
Let j(d) = -d**3 + 3*d**2 + 2*d - 4. Let y be j(3). Let g = 121 + -104. Calculate the remainder when (-1)/y - (-1503)/18 is divided by g.
15
Suppose 0 = -i + 218 - 195. Suppose -11 = -3*n - 4*h, -3*n - 2*h = -h - i. What is the remainder when n is divided by 4?
1
Calculate the remainder when 993 is divided by 6/(-39) - (15 + (-3477)/39).
31
Let r be (45/6)/(4/(22*-4)). Let b = 174 + r. What is the remainder when 89 is divided by b?
8
Let o(u) = 609*u**2 - 44*u + 102. Calculate the remainder when o(2) is divided by 246.
236
Let j(b) = b**2 + 9*b - 475. What is the remainder when 1434 is divided by j(-28)?
9
Let c = -30 + 32. Suppose -c = 5*i - 57. Calculate the remainder when 97 is divided by i.
9
Suppose -53*w - 18 = -59*w. Calculate the remainder when 71 is divided by w/(-9) + 938/42.
5
Suppose 138 = 13*r - 44. Suppose -3*y = 2*k - 0*k + 16, 22 = -5*k - 3*y. What is the remainder when 40 + ((-8)/2 - k) is divided by r?
10
Calculate the remainder when 464 is divided by 1759/4 - 23/((-368)/(-12)).
25
Suppose 5*t = -4*u - u - 45, -38 = 4*u + 2*t. What is the remainder when 53 is divided by 6/u + 98/5?
15
Let g(h) = -h**3 + 58*h**2 - 122*h + 563. Calculate the remainder when 3635 is divided by g(56).
2
Let g = 39 - 35. Suppose d - 79 = -3*d - 5*v, -3*d = 5*v - 53. Calculate the remainder when d is divided by (-602)/(-70) + g/10.
8
Suppose -51*n + 46*n = 2*k - 92, -5*k + 4*n + 329 = 0. Calculate the remainder when 61 is divided by k.
0
Suppose 9*t + 733 = 841. Let i(v) = -1 + 29 - v - 3*v**2 + 4*v**2 + 0*v**2. What is the remainder when i(0) is divided by t?
4
Suppose -71307 = -138*i + 111*i. Calculate the remainder when i is divided by 18.
13
Suppose 40 = 14*p - 6*p. Calculate the remainder when 127 is divided by 1 - -32 - (0 + -1)*p.
13
Let n be 3/(-9)*(-7 + 1). Calculate the remainder when 24/(-28)*(-847)/22 is divided by (30/3)/(n + 0).
3
Suppose -4*s - 492 = 3*b, 2*b = 4*s - 181 + 653. Calculate the remainder when 337 is divided by (1*5)/((-30)/s).
17
Let p(m) = -m**2 - 33*m + 28. Let f be p(-19). Let s = 329 - f. Calculate the remainder when s is divided by (-2*13)/(-7 + 5).
9
Suppose -z - 637 + 752 = 0. Suppose -3*a = -6*a + 18. Suppose -a*t + z = -227. Calculate the remainder when t is divided by 20.
17
Let y(i) = -i**2 + 5*i. Let o be y(5). Suppose o = -3*l + 27. What is the remainder when ((-68)/(-16))/(3/12) is divided by l?
8
Let y = -10612 - -10860. What is the remainder when y is divided by 30?
8
Let h = -97 - -101. Let w(t) = 38*t - 19. Calculate the remainder when w(h) is divided by 23.
18
Suppose 2*f - 12 = 0, -31*f - 26 = -4*s - 34*f. Calculate the remainder when 121 is divided by s.
1
Suppose -5*o - 4*y = -32 + 10, o + y - 4 = 0. Let h = 162 + -148. What is the remainder when h is divided by o?
2
What is the remainder when (1197/6)/(((-9)/(-60))/((-5)/(-25))) is divided by 250?
16
Let g be (1880/32)/(2/8). Suppose -g*h + 282 = -233*h. Calculate the remainder when h is divided by 12.
9
Let z(b) = b**3 + 25*b**2 - 11*b + 4. Calculate the remainder when z(-25) is divided by 125.
29
Let d be 112/5 + 2/(-5). Let b = d + -1. Let a(w) = w**3 + 32*w**2 + 201*w - 335. What is the remainder when a(-22) is divided by b?
20
What is the remainder when 1198 is divided by -3*2/(-6)*(100 + 29)?
37
Let j(n) be the third derivative of 7*n**4/24 + 5*n**3/6 + 6*n**2. Let a = 1278 - 1202. What is the remainder when a is divided by j(3)?
24
Let d(r) be the first derivative of r**4/4 + 32*r**3/3 + 55*r**2/2 - 104*r + 82. Calculate the remainder when d(-30) is divided by 28.
18
Let i be 5/(-30) - 79/(-6). Let q = 17 - i. Calculate the remainder when q is divided by -10 - -18 - (-3 - -10).
0
Let a(h) be the second derivative of -23*h**5/20 - h**4/6 - 2*h**3/3 - 3*h**2/2 + 14*h. Let q = -4 + 3. What is the remainder when 63 is divided by a(q)?
19
Let t = -83 + 88. Suppose -945 = -t*u - 30*u. What is the remainder when 51 is divided by u?
24
Suppose 0*v = -4*v - 60. Let p = 75 - v. Suppose -5*c = 3*d - 98, -5*d = 329*c - 332*c - 152. Calculate the remainder when p is divided by d.
28
Let j(o) = 324*o**2 + 2*o - 3. Let i(h) = 2*h**2 - 46*h + 1. Let u be i(23). Calculate the remainder when j(u) is divided by 27.
26
Let t(q) = -265*q - 54. Calculate the remainder when t(-5) is divided by 76.
55
Suppose 0 = -5*z + 43 + 62. Let m = 130 + -138. Calculate the remainder when (-2)/m + ((-4466)/(-8))/7 is divided by z.
17
Let g = 2404 - 2384. Calculate the remainder when 1861 is divided by g.
1
Let w = 12441 + -12165. What is the remainder when 965 is divided by w?
137
Let f = 7497 - 7398. Calculate the remainder when f is divided by 12.
3
Let p(f) = f**3 + 34*f**2 + 62*f - 30. Let n be p(-32). Suppose 0 = -i + 4*g + 20, 17 = i - n*g + 33*g. What is the remainder when 156 is divided by i?
12
Let q(f) = -f**2 - 16*f - 23. Suppose -2*y = -5*y - 33. What is the remainder when (0 + -18)*(-10)/3 is divided by q(y)?
28
Suppose 56*x + 11592 = -7*x + 224910. Calculate the remainder when x is divided by 28.
26
Let h = 8 - 155. Let a be -2 - h/(-6 + 3)*1. Let i = a + 60. Calculate the remainder when 14 is divided by i.
5
Let n(a) = -a**3 - 115*a**2 + 130*a + 1753. Calculate the remainder when 10060 is divided by n(-116).
127
Suppose -105 = -4*n - n. Let s(y) = -y**2 - 4*y + 24. Calculate the remainder when n is divided by s(-6).
9
Let c(q) = -q**3 + 21*q**2 + 51*q + 6. Calculate the remainder when c(23) is divided by 4/(-8) - 77/(-2).
7
Suppose -5*c = 2*q - 134, 5*c = -160*q + 155*q + 350. Calculate the remainder when 131 is divided by q.
59
Let v(h) = -12*h**2 - 88*h - 16. Let t = 254 + -261. Calculate the remainder when 45 is divided by v(t).
9
Let r(d) = 25*d - 56. Let b be r(3). Suppose 0 = -b*h + 25*h - 2268. Calculate the remainder when h is divided by 20.
18
What is the remainder when 21751/9 + (-84)/(-378) is divided by 41?
39
Suppose 2*o + 2 - 12 = 0. Suppose -5*t = 4*a - 16, 0*a - 8 = -4*a - 3*t. Calculate the remainder when -3 - -34 - 3/(3/a) is divided by o.
2
What is the remainder when (-20)/(-30) - (-1542)/9 is divided by 8?
4
Suppose 0 = -10*u + 22*u - 300. Calculate the remainder when 142 is divided by u*-6*(-1)/2.
67
Let j(f) = -2*f**2 + 29*f - 52. Let p be j(10). Suppose 0 = -p*c + 34*c + 52. What is the remainder when 37 is divided by c?
11
Let p(m) = -m - 1. Let d be p(-3). Suppose -d*i = 2*i - 48. Let v(s) = s**3 + s**2 + 133*s - 414. What is the remainder when v(3) is divided by i?
9
Sup